base 11.
-989
514 (base 10) to base 8
1002
What is -3255 (base 6) in base 13?
-461
Convert -3868 (base 9) to base 3.
-10222022
What is -12342 (base 5) in base 4?
-33030
-2122101012 (base 3) to base 13
-1a8b8
What is -200012000 (base 3) in base 5?
-411012
10230 (base 4) to base 5
2200
What is 685a (base 12) in base 13?
5377
d35 (base 16) to base 12
1b59
What is -46254 (base 10) in base 7?
-251565
Convert -133130 (base 5) to base 4.
-1110213
64 (base 12) to base 11
6a
-a9eb (base 15) to base 2
-1000110010011100
Convert 1200101 (base 3) to base 11.
a14
e05 (base 15) to base 6
22335
What is -1641 (base 11) in base 4?
-200312
Convert -ae (base 16) to base 12.
-126
Convert -1004 (base 6) to base 16.
-dc
Convert 24280 (base 10) to base 5.
1234110
What is 42 (base 9) in base 5?
123
-1751 (base 12) to base 3
-10211121
Convert 281 (base 11) to base 14.
199
Convert a13 (base 12) to base 16.
5af
What is -747b (base 13) in base 6?
-202445
What is -166 (base 14) in base 6?
-1154
What is 32203 (base 4) in base 16?
3a3
What is -bbaa (base 12) in base 10?
-20722
What is 60b (base 15) in base 14?
6d3
Convert -5952 (base 16) to base 11.
-161a8
What is -12000202 (base 3) in base 6?
-24545
Convert 1411 (base 7) to base 16.
223
Convert 16363 (base 8) to base 13.
34b1
What is 5714 (base 12) in base 6?
112424
What is 3320 (base 5) in base 2?
111001100
1411134 (base 5) to base 10
28919
What is -1373 (base 14) in base 12?
-1ba1
What is 100111110 (base 2) in base 13?
1b6
Convert -1738 (base 12) to base 11.
-20a8
Convert -4413 (base 10) to base 2.
-1000100111101
Convert -41045 (base 8) to base 3.
-212020011
-19cbe (base 15) to base 14
-227d5
187 (base 16) to base 6
1451
Convert 2221020 (base 3) to base 6.
13523
Convert 34161 (base 7) to base 2.
10000111011011
What is -a35 (base 12) in base 16?
-5c9
What is 254 (base 15) in base 14?
29b
-6265 (base 9) to base 3
-20022012
What is -817 (base 15) in base 2?
-11100011110
Convert -37 (base 15) to base 2.
-110100
-9d1 (base 16) to base 15
-b28
What is -10423 (base 6) in base 16?
-5af
1223 (base 11) to base 2
11000111110
Convert -1974 (base 10) to base 3.
-2201010
What is 5013 (base 6) in base 16?
441
473 (base 11) to base 14
2c4
What is -230 (base 8) in base 2?
-10011000
What is 10205 (base 11) in base 6?
152532
Convert a2 (base 16) to base 2.
10100010
110100222 (base 3) to base 13
4148
Convert -4162 (base 8) to base 12.
-1302
What is -658 (base 10) in base 12?
-46a
Convert 221101 (base 4) to base 13.
1282
Convert -c3c6 (base 13) to base 2.
-110100110011001
What is 4351 (base 9) in base 8?
6205
What is -303123 (base 4) in base 16?
-cdb
100010111111011 (base 2) to base 6
214535
Convert ec5b (base 15) to base 7.
265610
What is 3020 (base 5) in base 9?
467
Convert -2106 (base 8) to base 7.
-3122
What is 8e12 (base 15) in base 4?
13113113
Convert -2878 (base 9) to base 13.
-cb6
What is -112721 (base 8) in base 9?
-57544
What is 5302 (base 9) in base 13?
1a03
Convert 680 (base 9) to base 6.
2330
203121 (base 4) to base 8
4331
12110 (base 3) to base 10
147
4803 (base 11) to base 14
2419
2120002 (base 3) to base 9
2502
-145621 (base 8) to base 7
-304635
-1307 (base 9) to base 2
-1111010011
What is 28630 (base 10) in base 3?
1110021101
What is 34892 (base 11) in base 2?
1100010010001100
Convert 1652 (base 7) to base 9.
828
13b6 (base 16) to base 15
1766
What is 6174 (base 9) in base 15?
1517
What is -1020001222 (base 3) in base 7?
-130202
Convert -11310 (base 5) to base 10.
-830
What is -165 (base 11) in base 5?
-1232
What is -10011111100 (base 2) in base 5?
-20101
Convert -7f2 (base 16) to base 10.
-2034
What is 1442 (base 13) in base 3?
11000102
What is -470 (base 9) in base 4?
-12003
Convert -12231 (base 12) to base 15.
-73e7
-2221101 (base 3) to base 7
-6151
34324 (base 8) to base 16
38d4
What is 12231 (base 4) in base 13?
270
-1011011110101 (base 2) to base 11
-4463
Convert -21211112 (base 3) to base 5.
-140321
Convert 1014 (base 12) to base 11.
1346
Convert -71691 (base 10) to base 9.
-118306
What is -20606 (base 7) in base 5?
-130402
2a8 (base 11) to base 7
1023
What is 125661 (base 7) in base 3?
1012110100
What is 262 (base 12) in base 11?
2aa
What is 304 (base 5) in base 12?
67
-1011011010100 (base 2) to base 11
-4433
What is 21202 (base 4) in base 12?
42a
What is -104 (base 14) in base 11?
-172
Convert -8cc (base 15) to base 10.
-1992
Convert 8405 (base 9) to base 2.
1100000010001
What is -18a (base 15) in base 9?
-434
Convert 267 (base 13) to base 7.
1143
24404 (base 9) to base 7
65500
4ee4 (base 15) to base 3
212010121
Convert -5105 (base 6) to base 13.
-683
What is -45245 (base 6) in base 7?
-24362
What is -22340 (base 5) in base 4?
-120323
11614 (base 10) to base 7
45601
What is -513 (base 6) in base 7?
-360
What is -19b (base 12) in base 9?
-322
-930 (base 11) to base 12
-796
Convert -4354 (base 9) to base 4.
-302020
Convert -4c03 (base 13) to base 7.
-43354
1200012220 (base 3) to base 12
170b0
1b0 (base 15) to base 13
240
What is 235 (base 11) in base 13?
187
Convert 8602 (base 11) to base 14.
4208
What is -1554 (base 11) in base 12?
-11a3
-212010 (base 5) to base 15
-21a5
What is 7113 (base 13) in base 2?
11110011001100
10011000100110 (base 2) to base 14
37b8
Convert -1244b (base 13) to base 12.
-175ba
-990 (base 13) to base 9
-2220
Convert -12000121 (base 3) to base 16.
-e4d
Convert -1059 (base 10) to base 9.
-1406
472b (base 14) to base 10
12387
-133130 (base 4) to base 3
-2202112
What is -316 (base 16) in base 14?
-406
Convert 248c (base 13) to base 9.
7102
What is -332432 (base 5) in base 14?
-433b
What is 2212221 (base 3) in base 4?
200320
What is -722 (base 11) in base 7?
-2353
Convert 8761 (base 10) to base 6.
104321
What is -53518 (base 9) in base 10?
-35414
Convert -368 (base 15) to base 2.
-1100000101
1110 (base 8) to base 11
491
What is 1560 (base 8) in base 9?
1177
1112001 (base 3) to base 11
918
What is 501153 (base 6) in base 15?
b910
55a (base 13) to base 14
49a
100000110001110 (base 2) to base 11
11677
28909 (base 12) to base 13
1c9bc
What is -1004320 (base 5) in base 12?
-946a
Convert a672 (base 12) to base 9.
27005
21222003 (base 4) to base 10
39555
What is 10044 (base 7) in base 13?
1152
Convert 4242 (base 6) to base 4.
33002
What is -201212 (base 3) in base 12?
-388
5224 (base 7) to base 11
1415
-564 (base 14) to base 2
-10000101100
-40643 (base 9) to base 12
-135a9
Convert aaa6 (base 13) to base 11.
16973
Convert -1b51 (base 12) to base 6.
-23341
What is 3301220 (base 4) in base 14?
58c8
-1541 (base 8) to base 9
-1161
What is -12010020 (base 3) in base 15?
-118c
101010000 (base 2) to base 14
1a0
What is -2746 (base 9) in base 2?
-100000010011
Convert 5611 (base 7) to base 10.
2017
What is 6b6 (base 13) in base 12?
80b
2793 (base 11) to base 8
7033
303321 (base 4) to base 12
1b09
576 (base 8) to base 16
17e
-1056 (base 7) to base 3
-112020
-10000000 (base 2) to base 14
-92
What is -1874 (base 16) in base 11?
-4781
What is -80a8 (base 13) in base 14?
-6654
What is 248 (base 10) in base 8?
370
458 (base 11) to base 16
223
What is -4423 (base 6) in base 4?
-33333
Convert -110 (base 2) to base 9.
-6
What is -6022 (base 9) in base 13?
-2000
-2f9 (base 16) to base 2
-1011111001
-543 (base 14) to base 8
-2017
What is 2112002011 (base 3) in base 4?
30013132
What is 206 (base 15) in base 2?
111001000
What is -4500 (base 9) in base 14?
-12d3
Convert 105210 (base 6) to base 9.
13226
-1905 (base 16) to base 7
-24450
What is -225512 (base 6) in base 7?
-110411
-1378 (base 10) to base 15
-61d
1706 (base 8) to base 15
446
What is 10450 (base 13) in base 12?
14b5a
Convert 65060 (base 7) to base 14.
5c67
-1556 (base 8) to base 6
-4022
-2786 (base 12) to base 16
-11d6
-10222 (base 4) to base 14
-174
Convert -130134 (base 5) to base 11.
-3876
Convert 19810 (base 10) to base 16.
4d62
What is 22556 (base 8) in base 4?
2111232
Convert 1254 (base 7) to base 10.
480
-3101 (base 4) to base 15
-de
Convert -2a01 (base 11) to base 6.
-25533
What is -9980 (base 10) in base 12?
-5938
Convert -221123 (base 5) to base 16.
-1def
What is -198 (base 12) in base 13?
-170
-17249 (base 14) to base 5
-3324311
Convert 206 (base 8) to base 4.
2012
Convert -56536 (base 8) to base 12.
-119ba
d9d (base 14) to base 7
10556
What is -102000